{"id":713,"date":"2017-03-06T15:37:36","date_gmt":"2017-03-06T14:37:36","guid":{"rendered":"http:\/\/arepresents.com\/?page_id=713"},"modified":"2024-10-23T18:36:35","modified_gmt":"2024-10-23T17:36:35","slug":"news","status":"publish","type":"page","link":"https:\/\/arepresents.com\/pmlre\/news\/","title":{"rendered":"News"},"content":{"rendered":"<p>Pentru a-\u021bi face un plan eficient pentru creditul urgent de azi, este crucial s\u0103 \u00ee\u021bi stabile\u0219ti clar <a href=\"https:\/\/mycash.ro\/\">credite online<\/a> obiectivele financiare \u0219i s\u0103 identifici cea mai potrivit\u0103 solu\u021bie pentru nevoile tale. \u00cen primul r\u00e2nd, evalueaz\u0103 suma exact\u0103 de bani de care ai nevoie \u0219i determin\u0103 pe ce perioad\u0103 de timp vrei s\u0103 rambursezi creditul.<\/p>\n<p>News<\/p>\n<p>Finally our photographers will get the attention that they deserve! As masters of their photographic specializations, they will now be center-stage in the international market. Arepresents will help to create, nurture and maintain lasting careers for its artists by curating quality archives.<\/p>\n<p>The roster of talent includes a variety of both experienced and blooming artists with differing, but all creative and impressive, styles and portfolios.<\/p>\n<h1>ARepresents<\/h1>\n<p>Aims to offer clients worldwide the opportunity to work with these determined, dynamic photographers in order to create art never before imagined.<\/p>\n<p>ARepresents is a carefully curated agency that proudly represents a diverse collective genius of both emerging talent and established artists, giving the photographers the attention they deserve.<\/p>\n<p>The company helps to create, nurture and maintain lasting careers for its artists by offering long-term guidance and support in order to develop their skills, refine their creativity and expand their networks.<\/p>\n<p>ARepresents objectives of connecting clients with ideally suited <a href=\"https:\/\/wegmans.co.uk\/a-step-by-step-guide-to-calculating-after-tax-contributions-on-your-pay-stub\/\">talent<\/a> and supplying professional, innovative services around the globe are achieved by focusing on the numerous critical details necessary to pursue outstanding narratives of photographic and videographic expression.<\/p>\n<p>\u201cDelivering unique, generation-defining work and providing a wide variety of options for any given project.\u201d<\/p>\n<div id=\"some ID\" style=\"position: absolute; z-index: 4; visibility: hidden; top 160px; left: 150px;\">\u00a1Finalmente nuestros fot\u00f3grafos obtendr\u00e1n la atenci\u00f3n que merecen!<br \/>\nComo maestros de sus especializaciones fotogr\u00e1ficas.<br \/>\nAhora ser\u00e1n el centro de atenci\u00f3n en el mercado internacional.<br \/>\nArepresents ayudar\u00e1 a crear, nutrir y mantener carreras duraderas.<br \/>\nPara sus artistas curando archivos de calidad.<\/p>\n<h2>La lista de talentos incluye una variedad de artistas experimentados.<br \/>\nY en flor con diferentes, pero todos creativos e impresionantes, estilos y portafolios.<br \/>\nArepresents tiene como objetivo ofrecer a los clientes de todo el mundo.<br \/>\nLa oportunidad de trabajar con estos fot\u00f3grafos.<br \/>\nDecididos y din\u00e1micos con el fin de crear arte nunca antes imaginado.<\/h2>\n<p>A Represents es una agencia cuidadosamente seleccionada que representa con orgullo un genial colectivo diverso de talentos emergentes y artistas establecidos, brindando a los fot\u00f3grafos la atenci\u00f3n que merecen.<\/p>\n<h1>La compa\u00f1\u00eda ayuda a crear, nutrir y mantener carreras duraderas para. Sus artistas ofreciendo orientaci\u00f3n y apoyo a largo plazo. Para desarrollar sus habilidades, refinar su creatividad y expandir sus redes.<\/h1>\n<p>A Representa los objetivos de conectar clientes con talentos id\u00f3neos y prestar servicios profesionales e innovadores en todo el mundo se logra al enfocarse en los numerosos detalles cr\u00edticos necesarios para buscar narrativas sobresalientes de expresi\u00f3n fotogr\u00e1fica y videogr\u00e1fica. News.<\/p>\n<p>And, in addition to. Furthermore. Moreover. Besides. Than, too. Also, both-and. Another, equally important. First, second, etc.<\/p>\n<p>\u00abBrindar un trabajo \u00fanico que defina la generaci\u00f3n y brinde una amplia variedad de opciones para cualquier proyecto en particular\u00bb.<\/p>\n<\/div>\n","protected":false},"excerpt":{"rendered":"<p>Pentru a-\u021bi face un plan eficient pentru creditul urgent de azi, este crucial s\u0103 \u00ee\u021bi stabile\u0219ti clar credite online obiectivele financiare \u0219i s\u0103 identifici cea mai potrivit\u0103 solu\u021bie pentru nevoile tale. \u00cen primul r\u00e2nd, evalueaz\u0103 suma exact\u0103 de bani de care ai nevoie \u0219i determin\u0103 pe ce perioad\u0103 de timp vrei s\u0103 rambursezi creditul. News [&hellip;]<\/p>\n","protected":false},"author":1,"featured_media":0,"parent":0,"menu_order":0,"comment_status":"closed","ping_status":"closed","template":"","meta":[],"yst_prominent_words":[],"acf":[],"_links":{"self":[{"href":"https:\/\/arepresents.com\/pmlre\/wp-json\/wp\/v2\/pages\/713"}],"collection":[{"href":"https:\/\/arepresents.com\/pmlre\/wp-json\/wp\/v2\/pages"}],"about":[{"href":"https:\/\/arepresents.com\/pmlre\/wp-json\/wp\/v2\/types\/page"}],"author":[{"embeddable":true,"href":"https:\/\/arepresents.com\/pmlre\/wp-json\/wp\/v2\/users\/1"}],"replies":[{"embeddable":true,"href":"https:\/\/arepresents.com\/pmlre\/wp-json\/wp\/v2\/comments?post=713"}],"version-history":[{"count":14,"href":"https:\/\/arepresents.com\/pmlre\/wp-json\/wp\/v2\/pages\/713\/revisions"}],"predecessor-version":[{"id":15565,"href":"https:\/\/arepresents.com\/pmlre\/wp-json\/wp\/v2\/pages\/713\/revisions\/15565"}],"wp:attachment":[{"href":"https:\/\/arepresents.com\/pmlre\/wp-json\/wp\/v2\/media?parent=713"}],"wp:term":[{"taxonomy":"yst_prominent_words","embeddable":true,"href":"https:\/\/arepresents.com\/pmlre\/wp-json\/wp\/v2\/yst_prominent_words?post=713"}],"curies":[{"name":"wp","href":"https:\/\/api.w.org\/{rel}","templated":true}]}}