{"id":455,"date":"2017-02-22T17:05:40","date_gmt":"2017-02-22T17:05:40","guid":{"rendered":"http:\/\/arepresents.com\/?page_id=455"},"modified":"2022-03-14T18:07:10","modified_gmt":"2022-03-14T17:07:10","slug":"about","status":"publish","type":"page","link":"https:\/\/arepresents.com\/pmlre\/about\/","title":{"rendered":"About"},"content":{"rendered":"<h5 style=\"text-align: justify;\"><strong>Arepresents is a carefully curated agency that proudly represents a diverse collective genius, of both emerging talent and established artists to provide a wide variety of options for any given project.<\/strong><\/h5>\n<h5 style=\"text-align: justify;\"><strong>Our objective is to connect clients with ideally suited talent and to supply professional, innovative services around the globe.<\/strong><\/h5>\n<h5 style=\"text-align: justify;\"><strong>We focus and care about the numerous fundamental details to pursue outstanding narratives of photographic and videographic expression and vision specifically to establish responsive connections between author and audience.<\/strong><\/h5>\n<h5 style=\"text-align: justify;\"><strong>We offer our artists long-term guidance and support in order to develop their skills, refine their creativity and expand their networks, delivering unique, generation-defining work.<\/strong><\/h5>\n<h5 style=\"text-align: justify;\">Arepresents es una agencia especializada en representar tanto artistas establecidos como nuevos talentos, proporcionando toda la variedad de estilos para cualquier proyecto.<\/h5>\n<h5 style=\"text-align: justify;\">Nuestro objetivo es conectar al cliente con el talento m\u00e1s acorde para su proyecto, y proveer servicios innovadores y profesionales globalmente.<\/h5>\n<h5 style=\"text-align: justify;\">Nos enfocamos en los detalles fundamentales consiguiendo una visi\u00f3n fotogr\u00e1fica, audiovisual y narrativa sobresaliente. Nuestro fin es establecer una conexi\u00f3n y fomentar la interacci\u00f3n entre el artista y el p\u00fablico.<\/h5>\n<h5 style=\"text-align: justify;\">Ofrecemos a nuestros artistas orientaci\u00f3n y apoyo a largo plazo con el fin de desarrollar y potenciar sus habilidades creativas, expandir su red de clientes y crear un trabajo \u00fanico que les defina como profesional.<\/h5>\n<div id=\"some ID\" style=\"position: absolute; z-index: 4; visibility: hidden; top 160px; left: 150px;\">A Represents. About Talent. Management Creative. Artist Management. About Creative. Artist Management. Creative Artist. Management is a carefully. About curated agency that proudly represents a diverse. collective genius of both emerging talent and established <a style=\"text-decoration: none; color: #333;\" href=\"https:\/\/writemyessayrapid.com\/how-to-format-a-literature-review\/\">how to speech<\/a> artists, giving the photographers the attention they deserve. The company helps to create, nurture and maintain lasting careers. For its artists by offering long-term guidance and support in order to develop their skills. Refine their creativity and expand their networks. And, in addition to. Furthermore. Moreover. Besides. Than, too. Also, both-and. Another, equally important. First, second, etc. About<\/div>\n","protected":false},"excerpt":{"rendered":"<p>Arepresents is a carefully curated agency that proudly represents a diverse collective genius, of both emerging talent and established artists to provide a wide variety of options for any given project. Our objective is to connect clients with ideally suited talent and to supply professional, innovative services around the globe. We focus and care about [&hellip;]<\/p>\n","protected":false},"author":1,"featured_media":0,"parent":0,"menu_order":0,"comment_status":"closed","ping_status":"closed","template":"","meta":[],"yst_prominent_words":[207,159,149,205,200,160,157,161,156,199,151,198,141,150],"acf":[],"_links":{"self":[{"href":"https:\/\/arepresents.com\/pmlre\/wp-json\/wp\/v2\/pages\/455"}],"collection":[{"href":"https:\/\/arepresents.com\/pmlre\/wp-json\/wp\/v2\/pages"}],"about":[{"href":"https:\/\/arepresents.com\/pmlre\/wp-json\/wp\/v2\/types\/page"}],"author":[{"embeddable":true,"href":"https:\/\/arepresents.com\/pmlre\/wp-json\/wp\/v2\/users\/1"}],"replies":[{"embeddable":true,"href":"https:\/\/arepresents.com\/pmlre\/wp-json\/wp\/v2\/comments?post=455"}],"version-history":[{"count":69,"href":"https:\/\/arepresents.com\/pmlre\/wp-json\/wp\/v2\/pages\/455\/revisions"}],"predecessor-version":[{"id":5759,"href":"https:\/\/arepresents.com\/pmlre\/wp-json\/wp\/v2\/pages\/455\/revisions\/5759"}],"wp:attachment":[{"href":"https:\/\/arepresents.com\/pmlre\/wp-json\/wp\/v2\/media?parent=455"}],"wp:term":[{"taxonomy":"yst_prominent_words","embeddable":true,"href":"https:\/\/arepresents.com\/pmlre\/wp-json\/wp\/v2\/yst_prominent_words?post=455"}],"curies":[{"name":"wp","href":"https:\/\/api.w.org\/{rel}","templated":true}]}}